q + 145 = -2*q. List the prime factors of l.
139
Suppose -687 = -3*i + 72. Suppose 3*a - 62 = i. Suppose 9*b = 4*b + a. List the prime factors of b.
3, 7
Suppose -5*r = 5*s + 15, 2*s + 0 + 12 = -4*r. What are the prime factors of s + 0 + (9 - -1)?
2, 5
Suppose 0 = -3*u - 254 + 14. Let p = u + 117. List the prime factors of p.
37
Suppose -17*v = 10*v - 113967. List the prime factors of v.
3, 7, 67
Suppose 20*q = 10*q + 24530. List the prime factors of q.
11, 223
Suppose 0 = 2*c - 3*n - 208 - 490, 0 = c - 2*n - 351. List the prime factors of c.
7
Suppose 5*o - 12 - 3 = 0. Let k be o - ((-9)/(-1) - 1). Let i(x) = -x**3 - 3*x**2 + 2*x - 3. What are the prime factors of i(k)?
37
Let l(w) = 36*w + 66. Let o(h) = 7*h + 13. Let m(i) = -5*l(i) + 24*o(i). List the prime factors of m(-4).
2, 3, 5
Let t(j) = 14*j + 863. Let p be t(-50). Let c = -8 - -11. Suppose c*n - 5*f = p, 3*f + 77 = 3*n - 82. What are the prime factors of n?
3, 17
Let s(x) = -15*x + 11. Let z be s(-4). Let g = 160 - z. List the prime factors of g.
89
Let d = -8 + 8. Let l(m) = -m**3 - m**2 - m + 3. Let c be l(d). Let n = 4 + c. List the prime factors of n.
7
Let w be 8/3*((-75)/12 - -4). What are the prime factors of (w - -5)*(0 - 86)?
2, 43
Let r = -329 + 1102. What are the prime factors of r?
773
List the prime factors of -1*9/(-45) - 11442/(-15).
7, 109
Suppose 5*h = y - 5*y + 987, -5*y + 1270 = -h. What are the prime factors of y?
11, 23
Let f(c) = c**2 - 12*c + 53. What are the prime factors of f(-16)?
3, 167
Let v(f) = -f**2 + 6*f + 4. Let o be v(0). Suppose q = 2*i - 423, 2*i + 0*i - o*q - 438 = 0. What are the prime factors of i?
11, 19
Let m = 10 - 12. Let q(z) = -z**3 + 4*z**2 + 3*z. Let p be q(m). What are the prime factors of ((-138)/p)/(2/(-6))?
23
Let t(w) = w**3 + w + 4. Suppose 12 = -4*b, 4*b + 5 = -4*v - 7. Let z be t(v). Let o(i) = i**2 + 2*i - 8. What are the prime factors of o(z)?
2
Suppose -4*f = 2*t - 32, 4*t - f = -0*f + 37. Let g be 5/t*(-79 + 1). Let l = -20 - g. What are the prime factors of l?
19
Suppose d + 0*d - 2*x - 157 = 0, 3*d - 2*x - 471 = 0. Suppose -47 = -3*q + d. What are the prime factors of q?
2, 17
Suppose -48*n + 52*n = 2*y + 9656, 0 = -4*n - 5*y + 9670. What are the prime factors of n?
3, 5, 7, 23
Let m = -2011 - -2737. List the prime factors of m.
2, 3, 11
Let p = -1839 + 1842. List the prime factors of p.
3
Let n(u) = 52*u - 132. What are the prime factors of n(16)?
2, 5, 7
Let h(j) = -j - 3. Let z be h(-5). Suppose -7*d + 5*o = -2*d, 5*d - 7 = -z*o. What are the prime factors of ((-2)/(-4))/d*38?
19
Let g = -1132 + 1670. What are the prime factors of g?
2, 269
Suppose 24*m - 22*m - 2348 = -j, 5*j - 11776 = -m. List the prime factors of j.
2, 19, 31
What are the prime factors of ((116256/60)/(-8))/((-1)/5)?
7, 173
Let h(b) = b**2 + 27*b - 144. What are the prime factors of h(23)?
2, 503
Suppose -29*o + 26*o = -1062. List the prime factors of o.
2, 3, 59
Suppose -4*x + 1543 = 183. What are the prime factors of x?
2, 5, 17
Let t(p) = 59*p**3 - 3*p + 3. Let a be t(1). Suppose -3*m + 302 = a. What are the prime factors of m?
3
Suppose 0*x + 4*x = -8. Let f be 2 + -4 - x - 71. Let o = f - -146. What are the prime factors of o?
3, 5
Let d(s) = -9*s - s**2 + 15*s - 3*s - 4 + 2*s**3. What are the prime factors of d(3)?
2, 5
Let f be ((-3)/6*0)/(-1). Suppose f*z = 3*z + 27. What are the prime factors of 6/z*(-2 - 1)?
2
Suppose 3*x = -o + 4912 + 661, x - 1847 = -3*o. What are the prime factors of x?
11, 13
Let a be 3 - (4 - 9 - 2) - 1. Suppose -3*m + 107 = -z + a, -119 = -4*m - z. What are the prime factors of m?
31
Let v(r) be the second derivative of r**4/12 - 5*r**3/3 + 11*r**2/2 - 2*r. Let w be v(9). Suppose -a + 45 = w*a. List the prime factors of a.
3, 5
Let t be 2/((-7)/(7098/(-12))). Suppose -156 = -5*s + t. List the prime factors of s.
5, 13
Let w(c) = c**2 - 15*c + 3. Let n be w(15). Let i(l) = -3 + 1 + n*l + 2 - 2. List the prime factors of i(10).
2, 7
Suppose -14*a + 836 = -12*a. List the prime factors of a.
2, 11, 19
Let q(i) = 103*i**2 + 15*i + 14. What are the prime factors of q(-1)?
2, 3, 17
Let d be 12 + ((-12)/(-9))/((-6)/9). Suppose a + s + 2 = 4, 5*a - 5*s = d. List the prime factors of a.
2
Suppose -94 = -11*f + 5. What are the prime factors of ((600/f)/5)/(16/24)?
2, 5
Let r(k) = k**2 + 10*k - 4. Let i(n) = n**2 + 9*n - 4. Let x(o) = -5*i(o) + 4*r(o). What are the prime factors of x(-3)?
2, 5
Let r(s) be the second derivative of 1/3*s**3 + 17/2*s**2 - 9*s + 0. List the prime factors of r(10).
37
Suppose 1860 = 3*i + 5*f, i = f + 776 - 164. List the prime factors of i.
3, 5, 41
Let q(k) = 2*k + 53. Let i(h) = -2*h - 54. Let p(t) = -3*i(t) - 2*q(t). What are the prime factors of p(0)?
2, 7
Suppose -8*m - 389 + 13 = 0. Let k = -15 - m. What are the prime factors of k?
2
Let o(p) = 291*p + 9. What are the prime factors of o(7)?
2, 3, 11, 31
Suppose u + 5*w - 1249 - 125 = 0, -5*u + 5*w = -6990. List the prime factors of u.
2, 17, 41
Suppose 9 = 3*h - 27. Suppose h*c = 9*c + 345. List the prime factors of c.
5, 23
Let v be 0 - -56 - (-2 - -2). Let u = v - -55. What are the prime factors of u?
3, 37
Suppose 0 = -k - 3*y + 39, -y = -3*k + 2*y + 177. Suppose 5*f - 156 = k. List the prime factors of f.
2, 3, 7
Suppose 2*x + 11 = -13. What are the prime factors of (63/x)/((-15)/40)?
2, 7
Let v = 91 - 9. List the prime factors of v.
2, 41
Suppose -m + 6*m = 10. Let t be -9*m/12*68. What are the prime factors of t/(-4)*(-4)/(-3)?
2, 17
Let c(g) = g**2 + 5*g - 6. Let w be c(-6). What are the prime factors of (-9)/3 - w - -21*2?
3, 13
Let i be (-6)/9*3 + 5. Suppose i*r - 370 = 4*v - 5*v, 3*v = r - 130. List the prime factors of r.
2, 31
Let o(j) = -2*j + 48. Let l be o(20). List the prime factors of 4/l - 3224/(-16).
2, 101
Suppose 6*y - 2*y + 508 = 2*v, 0 = -2*y - 2. List the prime factors of v.
2, 3, 7
Let s(c) = -c. Let f(p) = -15*p. Let l(v) = f(v) - 3*s(v). Suppose 0 = 3*j + x, 0 = x - 3 - 0. What are the prime factors of l(j)?
2, 3
Suppose -4*n = 3*x - 3672 - 1386, -n + 5*x + 1276 = 0. What are the prime factors of n?
2, 3, 211
Suppose -167*l - 1380 = -171*l. List the prime factors of l.
3, 5, 23
Let a(f) = -18*f + 13. Let p be a(-6). Let w = p - 18. List the prime factors of w.
103
Let y(r) be the first derivative of -r**4/4 - 11*r**3/3 - 2*r**2 - 4*r + 257. Let c = -24 + 13. List the prime factors of y(c).
2, 5
Let w = -91 - -91. Suppose -5*v - 5*u = -40, 3*u + 6 + w = 3*v. What are the prime factors of v?
5
Suppose 0 = 11*o - 3220 - 3963. List the prime factors of o.
653
What are the prime factors of (0 + -2355)*3/(-9)?
5, 157
Let n(j) = -j**3 + 15*j**2 + 11*j - 23. List the prime factors of n(10).
587
Suppose 3*d - 7 = 5. Suppose n + d*n - 280 = 0. What are the prime factors of 1/8 + 609/n?
11
Let m = 9 + -22. Let p = -8 - m. What are the prime factors of (-15)/6*(-86)/p?
43
Let j = 2292 - 386. List the prime factors of j.
2, 953
Suppose 10*x + 468 = 13*x. Let w be (-6)/10 - x/(-60). Suppose n + 4*p = 38, 5*n - w*p - 44 = 4*n. What are the prime factors of n?
2, 3, 7
Let o(b) = b + 3. Let f be o(-6). What are the prime factors of (39*2)/(f + -1 + 5)?
2, 3, 13
Let p(l) = 4*l**3 - 6*l**2 + 23*l - 59. What are the prime factors of p(8)?
1789
Let q(h) = h**2 - 42*h - 67. List the prime factors of q(-8).
3, 37
Let y(x) = 2*x**3 - 7*x**2 + 3*x + 4. Let l = 35 + -31. What are the prime factors of y(l)?
2
Suppose 28 = -4*m - 4*b, 2*m + 2*m + 2*b + 30 = 0. Let a be 0*(3 + 1)/m. Let k = a - -13. What are the prime factors of k?
13
Let k(i) be the second derivative of 1/4*i**4 + 0 + 2*i + 1/6*i**3 - i**2. List the prime factors of k(-2).
2
Let g = -186 + 189. Suppose -43 = -5*s - 13. Let z = s + g. What are the prime factors of z?
3
Let k be (-2)/11 - (-462)/(-121). Let s be 26/3 - 3/(-9). Let g = k + s. What are the prime factors of g?
5
Let c(j) = j**2 + 4*j + 2. Let l be c(-9). Suppose -48*y + 118 = -l*y. List the prime factors of y.
2, 59
Let d = 14 + -15. Let o be (d - 3)*(-24)/(-16). Let a(y) = y**2 - 1. List the prime factors of a(o).
5, 7
Suppose -1036 = -2*v + 3*l, 1000 - 2552 = -3*v + 5*l. What are the prime factors of v?
2, 131
Suppose w + 3*u = 6, 16 = -2*w + 4*w + 2*u. Suppose k + 5*x + 6 = -w, -5*k + 25 = 5*x. Suppose 3*j = 8